 the remainder when 55 is divided by ((-12)/s)/(1/(-6))?
7
Let m = -34 - -50. Suppose -3*q + m = -17. Let f(s) = s**2 - 7*s - 14. Calculate the remainder when 87 is divided by f(q).
27
Calculate the remainder when 38 is divided by -10*(-14)/(-910)*-78.
2
Let m(d) = -d**3 - 20*d**2 + d + 27. Suppose -18*k = -107 + 467. Calculate the remainder when 9 is divided by m(k).
2
Let z(s) = s**2 - 9*s + 11. Let t be z(9). Let d be t/2 - 5/10. Suppose 5*h - 7 = 4*h + 5*q, -35 = -d*h + q. Calculate the remainder when h is divided by 2.
1
Suppose -4*v = -5*t - 208, 0 = 2*t + 6*v - 4*v + 94. Calculate the remainder when (-4 + 132/(-48))/(1/t) is divided by 43.
39
Suppose -5*n - 52 = -32. What is the remainder when 26 - n*5/(-10) is divided by 5?
4
Suppose 0 = -42*v + 55*v - 3793 - 3578. Calculate the remainder when v is divided by 115.
107
Let z(f) = f**2 + 12*f + 37. Suppose -14*l = 93 + 19. What is the remainder when z(l) is divided by ((-12)/(-10))/((-2)/(-5))?
2
Suppose -3*p = y - 452, -5*p + 34*y = 36*y - 752. Calculate the remainder when p is divided by 68.
16
Suppose 2481 = 5*c + 36. Suppose 0 = 2*y - b - 59, 4*y - 113 = -97*b + 94*b. Calculate the remainder when c is divided by y.
25
Let c(k) = -4*k**3 + 29*k**2 + 42*k - 2. Let x(h) = h**3 - 2*h**2 + h. Let y(l) = c(l) + 5*x(l). What is the remainder when 80 is divided by y(-16)?
10
Suppose -86 = -4*f + 2*i, 0 = 118*f - 120*f - 4*i + 8. What is the remainder when 14056 is divided by f?
16
Let o(v) = v + 7. Let s be o(-5). Let q(d) = 2*d**3 - d**2 + 3*d - 1. Let g = -25109 + 25158. Calculate the remainder when g is divided by q(s).
15
Let y be -3 - (-62)/(12/6). Suppose 5*z - 117 - y = 0. What is the remainder when 138 is divided by z?
22
Let c = 2486 - 2445. Let q = -15 + 42. Suppose -q = -2*n + c. Calculate the remainder when n is divided by 12.
10
Suppose -13*h + 14*h = 25. Suppose 0 = 4*b - 145 + h. Suppose -20 - 124 = -12*w. What is the remainder when b is divided by w?
6
Suppose 40*b = 208381 + 163062 + 93077. What is the remainder when b is divided by 96?
93
Let d(t) = -t**2 - 23*t - 64. Let h be d(-27). Let v = h - -329. What is the remainder when v is divided by 18?
13
Suppose -17*q + 259 - 46 = -2660. Calculate the remainder when 10472 is divided by q.
163
Suppose -5*a + 408 = -762. Suppose -5*j = -2*g - 42, 2*j - 13*g + 16*g = 13. Suppose -j*y + 5*y + a = 0. What is the remainder when y is divided by 20?
18
Suppose 0 - 4 = 2*w - 3*k, 3*w + 1 = 2*k. Calculate the remainder when 31 is divided by (5 - -59)/4*w.
15
Suppose 0 = -5*f - 5*r + 15, 20*r = 21*r. Suppose 5*n - 5*v - 35 = f*n, v - 5 = -2*n. What is the remainder when 45 is divided by n?
0
Suppose a - 7077 = h + 3*h, -3*h + 2*a = 5304. Let c be ((-6)/10)/(12/h)*2. Suppose 3*f = c + 153. What is the remainder when f is divided by 28?
26
Let c(z) = 3*z**2 + 18*z + 100. Calculate the remainder when 563 is divided by c(-6).
63
Let g = -41 + 560. Let c = g + -496. Calculate the remainder when 250 is divided by c.
20
Suppose 53 = -5*c - 37. Let r(a) = -10*a + 8. Let n be r(6). Let q = c - n. What is the remainder when q is divided by 19?
15
Let v = 320 - 131. Suppose -3*f = 4*k - 155, -39*f + 42*f - 117 = -3*k. Calculate the remainder when v is divided by k.
37
Calculate the remainder when ((-85)/(-170))/(((-1)/2098)/(-1)) is divided by 25.
24
Suppose -2*y - n = -3*y - 216, 0 = -2*y - 4*n - 432. Let d = 224 + y. What is the remainder when d is divided by 5?
3
Let d(b) = 189*b + 627. What is the remainder when d(-3) is divided by 1/4 - 134/(-8)?
9
Let i = -34 - -38. Suppose 2*f = -2*f + i, 5*v + 4*f = 129. Let a(n) = n**3 - 6*n**2 + 4*n + 12. What is the remainder when v is divided by a(5)?
4
Suppose -3*y - n = 276, 0 = -y + 2*y + 3*n + 92. Let t be y/(-7) + 0 - (-5)/(-35). Let d = 34 - t. What is the remainder when 57 is divided by d?
15
Calculate the remainder when 1438 is divided by (-1)/(18/(-278)) + 655/45 + -15.
13
Suppose i - 34 + 6 = 0. What is the remainder when 22 + (-2264)/104 - 10134/(-26) is divided by i?
26
Suppose 62*a + 25*a - 15*a - 39456 = 0. Suppose -3*o + 3*n + 2*n = -26, 54 = 4*o + 3*n. What is the remainder when a is divided by o?
8
Suppose -5*j + y - 17624 = 0, 4*j + 4882 + 9219 = -y. Calculate the remainder when ((-2)/3)/(5*5/j) is divided by 26.
16
Suppose -682*g + 683*g = 3*d + 41, d + 233 = 5*g. Calculate the remainder when 3617 is divided by g.
45
Let j = 1378 - 1193. What is the remainder when j is divided by (-2 + 5 + -2)*38?
33
Calculate the remainder when 1229 is divided by 19 - -1 - 9*27/(-243).
11
Suppose 5*a + 3*q - 302 = 2636, a = 4*q + 560. Calculate the remainder when 1181 is divided by a.
13
Suppose -71*j = -10546 - 5784. What is the remainder when 239 is divided by j?
9
Let x = -1082 + 1578. What is the remainder when x is divided by 43?
23
Let w(c) be the second derivative of -c**5/20 + 13*c**4/12 + 2*c**3 + 20*c**2 + 121*c + 1. Calculate the remainder when 441 is divided by w(14).
9
Let u(n) = -n**3 + 7*n - 1. Let m be u(-4). Let b = m - 28. Calculate the remainder when 13 is divided by 4/2 + b + 0.
4
What is the remainder when 7897 - (338/(-4563) + (-104)/54) is divided by 4?
3
Let p(n) = 3*n**2 - 18*n + 20. Let v be p(5). Let r(u) = 3*u**2 - 9*u + 6. What is the remainder when 143 is divided by r(v)?
35
Let g = 83 - 59. Suppose -5*k = -0*k - 2*z - g, -k + 8 = -2*z. Calculate the remainder when (-1 - 3)/(4/(-26)) is divided by k.
2
Let o = 80 + -37. Let r = -62 + o. Let m = -14 - r. What is the remainder when 28 is divided by m?
3
Let l(n) = 20*n - 1 - 15*n - 8 + 0. Suppose 0 = 31*i + 22*i - 2173. What is the remainder when i is divided by l(6)?
20
Suppose 4 = -4*d - 48. Let k = d - -45. Let h(l) = -l + 29. What is the remainder when k is divided by h(11)?
14
Let d = 9337 - 9288. Calculate the remainder when 3625 is divided by d.
48
Let m be ((-10)/(-60)*-9)/((-2)/44). Suppose -5*x - 3*l + 31 = -x, 5*l - m = -4*x. Suppose -4 = 3*n - 34. What is the remainder when n is divided by x?
3
Suppose -24*t - 480 = -8*t. What is the remainder when 50 is divided by (-70)/t*-9*12/(-14)?
14
Calculate the remainder when 98 is divided by ((-40)/(-70))/((-6)/(-231)).
10
Let y = 188 - 186. Calculate the remainder when 90 is divided by 104/28*14/y.
12
Suppose -13*o = -16*o. Suppose o = 8*g - 19 - 45. Calculate the remainder when 44 is divided by g.
4
Let i = -119 + 118. What is the remainder when 1*-14*10/(-4) is divided by 6/(-2)*(i + 18/(-6))?
11
Let w(f) = -f**3 - 13*f**2 - 15*f - 33. Let b be w(-12). Suppose 68 = b*h - 19. What is the remainder when 1/(-7) + (-6402)/(-77) is divided by h?
25
Let g = 31 - 35. Let d be 1 - (-2 - -4) - g. Suppose -d*j + j = -8, -2*j - 112 = -3*k. What is the remainder when k is divided by 16?
8
Let k = 1649 - 772. What is the remainder when k is divided by 54?
13
Let m = -106684 + 106725. What is the remainder when m is divided by 2 + -1*(-1 + 0)?
2
Suppose -4362 = 18*c - 4776. Calculate the remainder when 4552 is divided by c.
21
Calculate the remainder when (-132)/(-5)*405/54 is divided by 53.
39
Suppose -2*d - 4*a = -5*a - 22, -5*a + 58 = 4*d. Let s(u) = u**3 - 13*u**2 + 10*u + 45. What is the remainder when 82 is divided by s(d)?
19
Let o(y) = -3*y**2 - 2*y**2 + 14*y - 5 + 4*y**2. What is the remainder when o(12) is divided by (1 - 0/7) + 4?
4
Suppose -28*i + 1014 + 606 = 2*i. What is the remainder when 158 is divided by i?
50
Let c(u) = u**2 - 11*u + 13. Let h be c(10). Suppose 130 = 2*d + h*d. Suppose 176 = -11*a + 33*a. Calculate the remainder when d is divided by a.
2
Let n(i) = 73*i**2 + 46*i - 137. Calculate the remainder when n(-4) is divided by 168.
7
Let k = 78 + -131. Let v(x) = 3*x**2 - 53*x + 10. Let q be v(17). Let h = q - k. Calculate the remainder when h is divided by 8.
5
Let w be (-1)/(1830/(-365) - -1 - -4). Suppose -w + 367 = 7*b. Calculate the remainder when 83 is divided by b.
41
Let q be -1 - -2*(-121)/2. Let l = -5968 - -6191. Let z = q + l. What is the remainder when z is divided by 26?
23
Suppose -71*m + 6*m - 10*m = -11250. Let t(w) = w**2 + 2*w + 1. Let d be t(-2). What is the remainder when m is divided by (0 - -54) + (d - 4)?
48
Suppose 3*t = -8*f + 6*f + 2, 5*f + 14 = 2*t. Suppose -t*g - 8 = 0, -3*u + 8*g + 58 = 7*g. What is the remainder when u